{"id":1473,"date":"2020-12-30T22:01:51","date_gmt":"2020-12-30T22:01:51","guid":{"rendered":"https:\/\/ordinace.plesko.cz\/?page_id=1473"},"modified":"2026-02-26T13:59:32","modified_gmt":"2026-02-26T13:59:32","slug":"aktuality","status":"publish","type":"page","link":"https:\/\/ordinace.plesko.cz\/","title":{"rendered":"Aktuality"},"content":{"rendered":"\n<p class=\"has-white-background-color has-background has-small-font-size\">R\u00e1di bychom V\u00e1s informovali \u017ee v ordinaci je zaveden<strong> <mark style=\"background-color:rgba(0, 0, 0, 0)\" class=\"has-inline-color has-vivid-red-color\">objedn\u00e1vkov\u00fd syst\u00e9m<\/mark><\/strong>, a to z d\u016fvodu lep\u0161\u00ed organizace, abychom zkr\u00e1tili \u010dekac\u00ed dobu a abychom se vyhnuli tomu, \u017ee v \u010dek\u00e1rn\u011b bude sed\u011bt zdrav\u00fd klient, kter\u00fd p\u0159ich\u00e1z\u00ed na preventivn\u00ed prohl\u00eddku vedle klienta s akutn\u00edm respira\u010dn\u00edm onemocn\u011bn\u00edm. D\u011bkujeme za pochopen\u00ed.<\/p>\n\n\n\n<p class=\"has-small-font-size\">Vzhledem ke st\u00e1le vysok\u00e9mu po\u010dtu telefon\u016f jsme &#8222;zam\u011bstnali&#8220; <strong><a href=\"https:\/\/sestraemmy.zendesk.com\/hc\/cs\/articles\/www.sestraemmyc.z\" target=\"_blank\" rel=\"noreferrer noopener\">virtu\u00e1ln\u00ed sestru Emmy<\/a>&nbsp;(<a href=\"http:\/\/www.sestraemmy.cz\/\">www.sestraemmy.cz<\/a>)<\/strong>, kterou m\u016f\u017eete pou\u017e\u00edt ke komunikaci s na\u0161\u00ed ordinac\u00ed ( objedn\u00e1vky l\u00e9k\u016f, v\u00fdpis\u016f, zas\u00edl\u00e1n\u00ed l\u00e9ka\u0159sk\u00fdch zpr\u00e1v atd.) POZOR tento zp\u016fsob ale neslou\u017e\u00ed ke konzultac\u00edm akutn\u00edch zdravotn\u00edch pot\u00ed\u017e\u00ed. P\u0159\u00edm\u00fd vstup do na\u0161\u00ed ordinace je mo\u017en\u00fd p\u0159es <strong>&nbsp;<\/strong>&nbsp;<a href=\"http:\/\/www.sestraemmy.cz\/pleskova\" target=\"_blank\" rel=\"noreferrer noopener\">www.sestraemmy.cz\/pleskova<\/a> (tento zp\u016fsob preferujeme, vzhledem zabezpe\u010den\u00ed tohoto syst\u00e9mu k ochran\u011b osobn\u00edch \u00fadaj\u016f). Ale je mo\u017en\u00e9 pou\u017e\u00edt i email. D\u011bkuji <\/p>\n\n\n\n<p class=\"has-vivid-red-color has-text-color has-link-color has-large-font-size wp-elements-b81fb14e0c1960824e5dd539f19424e4\"><strong>Dovolen\u00e1<\/strong> &#8211; pros\u00edm pozor <\/p>\n\n\n\n<p class=\"has-vivid-red-color has-text-color has-link-color has-large-font-size wp-elements-cab1c6a1f8429a2075ac3f2dac027ba2\"><strong>16.3.-20.3.2026<\/strong><\/p>\n\n\n\n<p class=\"has-vivid-red-color has-text-color has-link-color has-medium-font-size wp-elements-8190b39f96412585e53f7527c558a2ed\">omezen\u00ed provozu z d\u016fvodu \u010derp\u00e1n\u00ed dovolen\u00e9 l\u00e9ka\u0159em , v ordinaci bude p\u0159\u00edtomna pouze sest\u0159i\u010dka, <\/p>\n\n\n\n<p class=\"has-black-color has-text-color has-link-color has-medium-font-size wp-elements-dedc4c520e6f547164f102b18aec8ea5\">Akutn\u00ed p\u0159\u00edpady o\u0161et\u0159\u00ed po p\u0159edchoz\u00ed domluv\u011b MUDr. Kate\u0159ina Nechv\u00e1talov\u00e1, Na Lu\u017eci 718, L\u00e1zn\u011b Bohdane\u010d, 53341<\/p>\n\n\n\n<p>D\u011bkujeme za pochopen\u00ed <\/p>\n\n\n\n<p><\/p>\n\n\n\n<p><\/p>\n\n\n\n<p><\/p>\n","protected":false},"excerpt":{"rendered":"<p>R\u00e1di bychom V\u00e1s informovali \u017ee v ordinaci je zaveden objedn\u00e1vkov\u00fd syst\u00e9m, a to z d\u016fvodu lep\u0161\u00ed organizace, abychom zkr\u00e1tili \u010dekac\u00ed dobu a abychom se vyhnuli tomu, \u017ee v \u010dek\u00e1rn\u011b bude &#8230;<\/p>\n","protected":false},"author":5,"featured_media":0,"parent":0,"menu_order":0,"comment_status":"closed","ping_status":"closed","template":"template-fullwidth.php","meta":{"footnotes":""},"class_list":["post-1473","page","type-page","status-publish","hentry"],"_links":{"self":[{"href":"https:\/\/ordinace.plesko.cz\/index.php\/wp-json\/wp\/v2\/pages\/1473","targetHints":{"allow":["GET"]}}],"collection":[{"href":"https:\/\/ordinace.plesko.cz\/index.php\/wp-json\/wp\/v2\/pages"}],"about":[{"href":"https:\/\/ordinace.plesko.cz\/index.php\/wp-json\/wp\/v2\/types\/page"}],"author":[{"embeddable":true,"href":"https:\/\/ordinace.plesko.cz\/index.php\/wp-json\/wp\/v2\/users\/5"}],"replies":[{"embeddable":true,"href":"https:\/\/ordinace.plesko.cz\/index.php\/wp-json\/wp\/v2\/comments?post=1473"}],"version-history":[{"count":63,"href":"https:\/\/ordinace.plesko.cz\/index.php\/wp-json\/wp\/v2\/pages\/1473\/revisions"}],"predecessor-version":[{"id":1733,"href":"https:\/\/ordinace.plesko.cz\/index.php\/wp-json\/wp\/v2\/pages\/1473\/revisions\/1733"}],"wp:attachment":[{"href":"https:\/\/ordinace.plesko.cz\/index.php\/wp-json\/wp\/v2\/media?parent=1473"}],"curies":[{"name":"wp","href":"https:\/\/api.w.org\/{rel}","templated":true}]}}

<p class="has-white-background-color has-background has-small-font-size">Rádi bychom Vás informovali že v ordinaci je zaveden<strong> <mark style="background-color:rgba(0, 0, 0, 0)" class="has-inline-color has-vivid-red-color">objednávkový systém</mark></strong>, a to z důvodu lepší organizace, abychom zkrátili čekací dobu a abychom se vyhnuli tomu, že v čekárně bude sedět zdravý klient, který přichází na preventivní prohlídku vedle klienta s akutním respiračním onemocněním. Děkujeme za pochopení.</p>



<p class="has-small-font-size">Vzhledem ke stále vysokému počtu telefonů jsme &#8222;zaměstnali&#8220; <strong><a href="https://sestraemmy.zendesk.com/hc/cs/articles/www.sestraemmyc.z" target="_blank" rel="noreferrer noopener">virtuální sestru Emmy</a>&nbsp;(<a href="http://www.sestraemmy.cz/">www.sestraemmy.cz</a>)</strong>, kterou můžete použít ke komunikaci s naší ordinací ( objednávky léků, výpisů, zasílání lékařských zpráv atd.) POZOR tento způsob ale neslouží ke konzultacím akutních zdravotních potíží. Přímý vstup do naší ordinace je možný přes <strong>&nbsp;</strong>&nbsp;<a href="http://www.sestraemmy.cz/pleskova" target="_blank" rel="noreferrer noopener">www.sestraemmy.cz/pleskova</a> (tento způsob preferujeme, vzhledem zabezpečení tohoto systému k ochraně osobních údajů). Ale je možné použít i email. Děkuji </p>



<p class="has-vivid-red-color has-text-color has-link-color has-large-font-size wp-elements-b81fb14e0c1960824e5dd539f19424e4"><strong>Dovolená</strong> &#8211; prosím pozor </p>



<p class="has-vivid-red-color has-text-color has-link-color has-large-font-size wp-elements-cab1c6a1f8429a2075ac3f2dac027ba2"><strong>16.3.-20.3.2026</strong></p>



<p class="has-vivid-red-color has-text-color has-link-color has-medium-font-size wp-elements-8190b39f96412585e53f7527c558a2ed">omezení provozu z důvodu čerpání dovolené lékařem , v ordinaci bude přítomna pouze sestřička, </p>



<p class="has-black-color has-text-color has-link-color has-medium-font-size wp-elements-dedc4c520e6f547164f102b18aec8ea5">Akutní případy ošetří po předchozí domluvě MUDr. Kateřina Nechvátalová, Na Lužci 718, Lázně Bohdaneč, 53341</p>



<p>Děkujeme za pochopení </p>



<p></p>



<p></p>



<p></p>

<p>Rádi bychom Vás informovali že v ordinaci je zaveden objednávkový systém, a to z důvodu lepší organizace, abychom zkrátili čekací dobu a abychom se vyhnuli tomu, že v čekárně bude &#8230;</p>
