{"id":1439,"date":"2020-12-30T20:18:35","date_gmt":"2020-12-30T20:18:35","guid":{"rendered":"https:\/\/ordinace.plesko.cz\/?page_id=1439"},"modified":"2026-01-07T07:10:50","modified_gmt":"2026-01-07T07:10:50","slug":"cenik","status":"publish","type":"page","link":"https:\/\/ordinace.plesko.cz\/index.php\/cenik\/","title":{"rendered":"Cen\u00edk"},"content":{"rendered":"\n<p><strong>Aktu\u00e1ln\u00ed cen\u00edk v\u00fdkon\u016f nehrazen\u00fdch zdr, poji\u0161\u0165ovnami s platnost\u00ed od 5.1.2026<\/strong><\/p>\n\n\n\n<p><\/p>\n\n\n\n<figure class=\"wp-block-table\"><table><tbody><tr><td>Pracovn\u011b l\u00e9ka\u0159sk\u00e9 prohl\u00eddky zam\u011bstnanc\u016f pro nesmluvn\u00edho zam\u011bstnavatele<\/td><td>900-<\/td><\/tr><tr><td>Vy\u0161et\u0159en\u00ed a posudek zdravotn\u00ed zp\u016fsobilosti k \u0159\u00edzen\u00ed motorov\u00fdch vozidel, dr\u017een\u00ed st\u0159eln\u00e9 zbran\u011b, sv\u00e1\u0159e\u010dsk\u00fd pr\u016fkaz, pr\u016fkaz elektrik\u00e1\u0159e<\/td><td>700,-<\/td><\/tr><tr><td>Potvrzen\u00ed zdravotn\u00ed zp\u016fsobilosti ke studiu a k \u00fa\u010dasti na rekrea\u010dn\u00edch akc\u00edch<\/td><td>200,-<\/td><\/tr><tr><td>Posudek o zdravotn\u00ed zp\u016fsobilosti k organizovan\u00e9 sportovn\u00ed \u010dinnosti<\/td><td>550,-<\/td><\/tr><tr><td>L\u00e9ka\u0159sk\u00e9 vy\u0161et\u0159en\u00ed na vlastn\u00ed \u017e\u00e1dost (pro cesty do zahrani\u010d\u00ed, p\u0159ed \u00fastavn\u00edm l\u00e9\u010den\u00edm, l\u00e1zn\u011bmi pro samopl\u00e1tce apod.)<\/td><td>700-<\/td><\/tr><tr><td>P\u0159edopera\u010dn\u00ed vy\u0161et\u0159en\u00ed p\u0159ed kosmetick\u00fdmi z\u00e1kroky, darov\u00e1n\u00edm oocyt\u016f, UPT apod. &#8211; bez EKG a laborato\u0159e<\/td><td>900,-<\/td><\/tr><tr><td>EKG na vlastn\u00ed \u017e\u00e1dost<\/td><td>200,-<\/td><\/tr><tr><td>Posudek o bolestn\u00e9m, trval\u00e9 n\u00e1sledky<\/td><td>500,-<\/td><\/tr><tr><td>Ozn\u00e1men\u00ed pojistn\u00e9 ud\u00e1losti (\u00farazu) komer\u010dn\u00ed poji\u0161\u0165ovn\u011b<\/td><td>400,-<\/td><\/tr><tr><td>Vy\u0161et\u0159en\u00ed a zpr\u00e1va v p\u0159\u00edpad\u011b \u00farazu nebo napaden\u00ed jinou osobou<\/td><td>480,-<\/td><\/tr><tr><td>O\u010dkov\u00e1n\u00ed na vlastn\u00ed \u017e\u00e1dost (bez ceny vakc\u00edny)<\/td><td>200,-<\/td><\/tr><tr><td>Po\u0159\u00edzen\u00ed podrobn\u00e9ho v\u00fdpisu ze zdravotn\u00ed dokumentace (pro komer\u010dn\u00ed poji\u0161t\u011bn\u00ed)<\/td><td>500,-<\/td><\/tr><tr><td>V\u00fdpis z dokumentace pro z\u00e1vodn\u00edho l\u00e9ka\u0159e<\/td><td>500,-<\/td><\/tr><tr><td>Vyj\u00e1d\u0159en\u00ed l\u00e9ka\u0159e k um\u00edst\u011bn\u00ed osoby do za\u0159\u00edzen\u00ed soci\u00e1ln\u00edch slu\u017eeb a DD<\/td><td>300,-<\/td><\/tr><tr><td>Potvrzen\u00ed o zdravotn\u00edm stavu<\/td><td>200,-<\/td><\/tr><tr><td>Jednoduch\u00e9 administrativn\u00ed v\u00fdkony, potvrzen\u00ed na \u017e\u00e1dost pacienta, duplik\u00e1t PN.<\/td><td>100,-<\/td><\/tr><tr><td>Prohl\u00eddka dobrovoln\u00e9ho hasi\u010de + posudek, mysliveck\u00e1 st\u00e1\u017e, ryb\u00e1\u0159sk\u00e1 str\u00e1\u017e<\/td><td>450,-<\/td><\/tr><tr><td>Kopie ze zdravotn\u00ed dokumentace pro vlastn\u00ed pot\u0159ebu \u2013 1 str\u00e1nka<br><\/td><td>5,-<\/td><\/tr><\/tbody><\/table><\/figure>\n\n\n\n<p><\/p>\n","protected":false},"excerpt":{"rendered":"<p>Aktu\u00e1ln\u00ed cen\u00edk v\u00fdkon\u016f nehrazen\u00fdch zdr, poji\u0161\u0165ovnami s platnost\u00ed od 5.1.2026 Pracovn\u011b l\u00e9ka\u0159sk\u00e9 prohl\u00eddky zam\u011bstnanc\u016f pro nesmluvn\u00edho zam\u011bstnavatele 900- Vy\u0161et\u0159en\u00ed a posudek zdravotn\u00ed zp\u016fsobilosti k \u0159\u00edzen\u00ed motorov\u00fdch vozidel, dr\u017een\u00ed st\u0159eln\u00e9 zbran\u011b, &#8230;<\/p>\n","protected":false},"author":4,"featured_media":0,"parent":0,"menu_order":0,"comment_status":"closed","ping_status":"closed","template":"template-fullwidth.php","meta":{"footnotes":""},"class_list":["post-1439","page","type-page","status-publish","hentry"],"_links":{"self":[{"href":"https:\/\/ordinace.plesko.cz\/index.php\/wp-json\/wp\/v2\/pages\/1439","targetHints":{"allow":["GET"]}}],"collection":[{"href":"https:\/\/ordinace.plesko.cz\/index.php\/wp-json\/wp\/v2\/pages"}],"about":[{"href":"https:\/\/ordinace.plesko.cz\/index.php\/wp-json\/wp\/v2\/types\/page"}],"author":[{"embeddable":true,"href":"https:\/\/ordinace.plesko.cz\/index.php\/wp-json\/wp\/v2\/users\/4"}],"replies":[{"embeddable":true,"href":"https:\/\/ordinace.plesko.cz\/index.php\/wp-json\/wp\/v2\/comments?post=1439"}],"version-history":[{"count":10,"href":"https:\/\/ordinace.plesko.cz\/index.php\/wp-json\/wp\/v2\/pages\/1439\/revisions"}],"predecessor-version":[{"id":1727,"href":"https:\/\/ordinace.plesko.cz\/index.php\/wp-json\/wp\/v2\/pages\/1439\/revisions\/1727"}],"wp:attachment":[{"href":"https:\/\/ordinace.plesko.cz\/index.php\/wp-json\/wp\/v2\/media?parent=1439"}],"curies":[{"name":"wp","href":"https:\/\/api.w.org\/{rel}","templated":true}]}}