{"id":1437,"date":"2020-12-30T20:18:09","date_gmt":"2020-12-30T20:18:09","guid":{"rendered":"https:\/\/ordinace.plesko.cz\/?page_id=1437"},"modified":"2021-01-03T20:21:00","modified_gmt":"2021-01-03T20:21:00","slug":"o-nas","status":"publish","type":"page","link":"https:\/\/ordinace.plesko.cz\/index.php\/o-nas\/","title":{"rendered":"O n\u00e1s"},"content":{"rendered":"\n<p><\/p>\n\n\n\n<p><strong>MUDr. Alena Ple\u0161kov\u00e1<\/strong><\/p>\n\n\n\n<p>Absolventka L\u00e9ka\u0159sk\u00e9 fakulty Masarykovy Univerzity v&nbsp;Brn\u011b, v&nbsp;roce 2010 promov\u00e1na l\u00e9ka\u0159kou medic\u00edny.<\/p>\n\n\n\n<p>Od roku 2011 za\u0159azena do vzd\u011bl\u00e1vac\u00edho programu v\u0161eobecn\u00e9 praktick\u00e9 l\u00e9ka\u0159stv\u00ed, kter\u00fd v&nbsp;roce 2014 \u00fasp\u011b\u0161n\u011b ukon\u010dila slo\u017een\u00edm atesta\u010dn\u00ed zkou\u0161ky.<\/p>\n\n\n\n<p>Od roku 2011 do roku 2014 zam\u011bstn\u00e1na na \u010d\u00e1ste\u010dn\u00fd \u00favazek na Kardiologick\u00e9 klinice  Fakultn\u00ed nemocnice v&nbsp;Brn\u011b jako sekund\u00e1rn\u00ed l\u00e9ka\u0159 a l\u00e9ka\u0159 p\u0159\u00edjmov\u00e9 ambulance.<\/p>\n\n\n\n<p>Od roku 2012 do roku 2014 zam\u011bstn\u00e1na jako slu\u017ebu konaj\u00edc\u00ed l\u00e9ka\u0159 na Intern\u00edm odd\u011blen\u00ed a Odd\u011blen\u00ed n\u00e1sledn\u00e9 p\u00e9\u010de v&nbsp;Nemocnici Ti\u0161nov.<\/p>\n\n\n\n<p>Aktivn\u00ed \u00fa\u010dastnice XXII. v\u00fdro\u010dn\u00edho sjezdu \u010cesk\u00e9 kardiologick\u00e9 spole\u010dnosti v\u00a0Brn\u011b v\u00a0roce 2014.<\/p>\n\n\n\n<p>Od roku 2015 do roku 2018 na mate\u0159sk\u00e9 dovolen\u00e9.<\/p>\n\n\n\n<p>Od  1.1.2019  do 31.12.2020 z\u00e1stup l\u00e9ka\u0159e v ordinaci VPL MUDr. Martiny Hub\u00edkov\u00e9 Pardubice<\/p>\n\n\n\n<p><\/p>\n\n\n\n<p><strong>Lenka Kabelkov\u00e1<\/strong><\/p>\n\n\n\n<p>v\u0161eobecn\u00e1 zdravotn\u00ed sestra<\/p>\n\n\n\n<p><\/p>\n\n\n\n<p><\/p>\n\n\n\n<p><\/p>\n\n\n\n<p><\/p>\n","protected":false},"excerpt":{"rendered":"<p>MUDr. Alena Ple\u0161kov\u00e1 Absolventka L\u00e9ka\u0159sk\u00e9 fakulty Masarykovy Univerzity v&nbsp;Brn\u011b, v&nbsp;roce 2010 promov\u00e1na l\u00e9ka\u0159kou medic\u00edny. Od roku 2011 za\u0159azena do vzd\u011bl\u00e1vac\u00edho programu v\u0161eobecn\u00e9 praktick\u00e9 l\u00e9ka\u0159stv\u00ed, kter\u00fd v&nbsp;roce 2014 \u00fasp\u011b\u0161n\u011b ukon\u010dila slo\u017een\u00edm &#8230;<\/p>\n","protected":false},"author":4,"featured_media":0,"parent":0,"menu_order":0,"comment_status":"closed","ping_status":"closed","template":"template-fullwidth.php","meta":{"footnotes":""},"class_list":["post-1437","page","type-page","status-publish","hentry"],"_links":{"self":[{"href":"https:\/\/ordinace.plesko.cz\/index.php\/wp-json\/wp\/v2\/pages\/1437","targetHints":{"allow":["GET"]}}],"collection":[{"href":"https:\/\/ordinace.plesko.cz\/index.php\/wp-json\/wp\/v2\/pages"}],"about":[{"href":"https:\/\/ordinace.plesko.cz\/index.php\/wp-json\/wp\/v2\/types\/page"}],"author":[{"embeddable":true,"href":"https:\/\/ordinace.plesko.cz\/index.php\/wp-json\/wp\/v2\/users\/4"}],"replies":[{"embeddable":true,"href":"https:\/\/ordinace.plesko.cz\/index.php\/wp-json\/wp\/v2\/comments?post=1437"}],"version-history":[{"count":7,"href":"https:\/\/ordinace.plesko.cz\/index.php\/wp-json\/wp\/v2\/pages\/1437\/revisions"}],"predecessor-version":[{"id":1555,"href":"https:\/\/ordinace.plesko.cz\/index.php\/wp-json\/wp\/v2\/pages\/1437\/revisions\/1555"}],"wp:attachment":[{"href":"https:\/\/ordinace.plesko.cz\/index.php\/wp-json\/wp\/v2\/media?parent=1437"}],"curies":[{"name":"wp","href":"https:\/\/api.w.org\/{rel}","templated":true}]}}

O nás

<p></p>



<p><strong>MUDr. Alena Plešková</strong></p>



<p>Absolventka Lékařské fakulty Masarykovy Univerzity v&nbsp;Brně, v&nbsp;roce 2010 promována lékařkou medicíny.</p>



<p>Od roku 2011 zařazena do vzdělávacího programu všeobecné praktické lékařství, který v&nbsp;roce 2014 úspěšně ukončila složením atestační zkoušky.</p>



<p>Od roku 2011 do roku 2014 zaměstnána na částečný úvazek na Kardiologické klinice  Fakultní nemocnice v&nbsp;Brně jako sekundární lékař a lékař příjmové ambulance.</p>



<p>Od roku 2012 do roku 2014 zaměstnána jako službu konající lékař na Interním oddělení a Oddělení následné péče v&nbsp;Nemocnici Tišnov.</p>



<p>Aktivní účastnice XXII. výročního sjezdu České kardiologické společnosti v Brně v roce 2014.</p>



<p>Od roku 2015 do roku 2018 na mateřské dovolené.</p>



<p>Od  1.1.2019  do 31.12.2020 zástup lékaře v ordinaci VPL MUDr. Martiny Hubíkové Pardubice</p>



<p></p>



<p><strong>Lenka Kabelková</strong></p>



<p>všeobecná zdravotní sestra</p>



<p></p>



<p></p>



<p></p>



<p></p>

<p>MUDr. Alena Plešková Absolventka Lékařské fakulty Masarykovy Univerzity v&nbsp;Brně, v&nbsp;roce 2010 promována lékařkou medicíny. Od roku 2011 zařazena do vzdělávacího programu všeobecné praktické lékařství, který v&nbsp;roce 2014 úspěšně ukončila složením &#8230;</p>
